Determine m(j).
0
Let p = -178 + 181. Let o(n) = n**3 + 24 + 7*n**2 - 2*n**p - 25 - 15*n + 7*n. Give o(6).
-13
Suppose -5*c + 32 = -4*m, 40*m - 44*m = 4*c - 4. Let q(j) = 0*j**2 - 4*j - j**2 + j. Give q(c).
-28
Suppose 0 = 276*k - 270*k - 54. Let t(i) = -6 - 9 + 4 - 4*i**2 - 1 + 3*i**2 - k*i. Give t(-5).
8
Let n(u) be the third derivative of u**5/60 - 5*u**4/24 + 7*u**3/6 - 1996*u**2. Give n(6).
13
Let n(d) be the first derivative of d**3 - 2*d**2 - 9*d + 3160. Determine n(0).
-9
Let l(j) = j**3 - 3*j**2 - 2*j + 2. Let r = 6 - -12. Suppose -y - r = -19. Let m be y + 1 - (-13 - -12). What is l(m)?
-4
Let y(z) = 1117*z**2 - 2216*z**2 + 1096*z**2 + 6*z. Calculate y(4).
-24
Let y(w) be the second derivative of -43*w - 1/2*w**2 - w**3 + 0. What is y(-1)?
5
Let h(p) = 5*p**3 + 3*p**2 - 1. Let v = -2308 + 2307. What is h(v)?
-3
Let i be (0/(-1 + 3))/(-1 + 0). Suppose i*m = 6*m - 48. Let q be (-2 - 1) + 4 + m. Let s(j) = j**3 - 8*j**2 - 8*j - 1. Determine s(q).
8
Suppose 0 = 2*y + 4*t - 28, 4*y - 16 = -3*t + 20. Let g(v) = y*v + 3 - 4 - 2 - 7*v. Suppose -s - 27 = -10*s. What is g(s)?
-6
Let w(y) = 3*y**2 - 136*y - 33. Let j(q) = q**2 - 49*q - 17. Let c(n) = 5*j(n) - 2*w(n). What is c(18)?
143
Let n(g) = -g**3 + 11*g + 6. Let v be n(-5). Let x = v - 67. Let s(y) = y**2 + x - 23 + 10 + 4*y. What is s(-6)?
8
Let t(d) = -d**3 + 0*d**3 + 5*d - d**2 - d + 2*d**2 - 1. Let j be (-41)/((-9963)/54) + 29/(-9). What is t(j)?
23
Let c(w) = 227*w + 449. Let m be c(-2). Let h(k) = -6*k - 24. Determine h(m).
6
Let u be (-2)/(-3)*(-180)/(-24). Suppose 0 = -4*o - 3*z + 29, 0 = -u*o - 5*z + 40. Let t(y) = y**2 - 3*y + 4. What is t(o)?
14
Let a(n) be the first derivative of n**3/3 - n - 4836. Let k(c) = c**2 - c - 4. Let b be 5/1 + -8 + 6. Let v be k(b). Determine a(v).
3
Let r(g) be the second derivative of g**3/3 - g**2 - 851*g - 1. Give r(17).
32
Let g(p) = 205*p**3 + 2*p**2 - 3*p + 2*p + 19*p**2 - 10*p - 203*p**3 + 8. Determine g(-11).
8
Let y(g) = -1461 - 17*g + 1457 + 18*g. Calculate y(-4).
-8
Let o(n) = 3*n**3 + 13*n**2 - 21*n - 25. Let p(h) = -2*h**3 - 9*h**2 + 14*h + 17. Let u(x) = -5*o(x) - 7*p(x). What is u(-3)?
-6
Let a(h) = -4*h + 1. Let g(s) = s**3 - 10*s**2 + 6*s + 28. Suppose 6*c = 14 + 40. Let j be g(c). Determine a(j).
-3
Let s(k) = k**2 - 6*k + 2. Let w be -1 + 19/1 + 1 + 2. Suppose 19 = 5*c - 5*d - 16, 3*c - w = -4*d. What is s(c)?
9
Let m = 44 - 42. Suppose t = m*t + 1. Let x(y) = -5*y**2 + 2*y - 5. Let q(n) = 5*n**2 - 2*n + 3. Let d(l) = -3*q(l) - 2*x(l). What is d(t)?
-6
Let y = 9 - 189. Let l = y + 175. Let u(b) = b**2 + 5*b - 6. Give u(l).
-6
Let c be (36/63)/((-1)/(-7)). Suppose 0 = q - c*j + j + 1, 5*q - 15 = -5*j. Let x(a) = 0*a**2 - 3*a**q + a**2 - 1 + 5*a**2 + 4*a. Give x(-3).
14
Let d(a) = -a**2 + 6*a + 6. Let b(i) = -7 - 13*i**2 + 28 - 188*i**3 + 31*i + 187*i**3. Let v be b(-15). Calculate d(v).
6
Let o(f) = -6770 + 20308 + 30*f - 6776 - 6785. Calculate o(1).
7
Let i = 11400 + -11405. Let n(r) = -r - 2. Let w(z) = -2*z - 4. Let k(q) = 9*n(q) - 4*w(q). Determine k(i).
3
Suppose -7*c + 11*c = 5*h - 44, 32 = 3*h - 8*c. Let f(w) = w**2 - 10*w - 2. What is f(h)?
-18
Suppose 46*r - 295 = -111. Let d(l) be the second derivative of -1/4*l**r - 11*l - 2/3*l**3 - 1/20*l**5 - 3/2*l**2 + 0. What is d(-3)?
9
Let v(n) = -n**3 - 2 - 9*n**2 + 25*n - 1 - 10 - 13*n. Determine v(-10).
-33
Let m be (-2 - -1)/((-45)/27)*(-4 + 9). Let o(u) = -u**2 + u - 1. Determine o(m).
-7
Let c(d) = 2*d**2 - 55119*d + 10 - 55087*d + 110167*d. Give c(19).
-9
Let g(m) = m**3 + m**2 - m + 17. Let w be 28/(-21) + (476/420 - 1/(-5)). Give g(w).
17
Let t(g) = -10*g + 12. Let f(n) = 5*n - 10. Let q(m) = -4*f(m) - 3*t(m). Calculate q(-2).
-16
Let k be 24/(3 - 5) + (36 - (34 + -6)). Let w(l) = 13*l + 29. Let n(y) = 3*y + 7. Let s(t) = 9*n(t) - 2*w(t). Give s(k).
1
Let k = -5647 + 5664. Let o(d) = d**2 - 13*d + 8. Give o(k).
76
Let o(f) be the first derivative of -f**2/2 + 22*f + 1038. What is o(-10)?
32
Let h(s) = s**2 - 2*s + 2. Let n(a) = a**3 + 3*a**2 - 4*a + 3. Let y be n(-4). Suppose -u + 6*d - 5*d + 6 = 0, -4*u + y*d + 19 = 0. Calculate h(u).
1
Let b = -20299/4 + 5075. Let h(r) be the first derivative of -6*r + 0*r**2 - 26 + b*r**4 + 1/3*r**3. What is h(0)?
-6
Suppose -45 + 29 = -2*d. Let q(p) = -10 - 1 + 2*p**2 - 7*p - 4*p**2 + 3*p**2. Determine q(d).
-3
Let u(s) = -81*s**2 + 2*s - 1. Let a = -25983 + 25982. Give u(a).
-84
Let b = 44 - 12. Let t = 35 - b. Let n(a) = -10 + 2*a + 1 - 2*a**t + 5 + 5. Determine n(-1).
1
Let u(f) = f**2 + 4*f + 7. Let t = 3980 - 3980. Calculate u(t).
7
Let q(n) = -n**2 - 5*n + 4. Let x(v) = v**2 - 4*v + 8. Let u be x(3). Suppose -u*a + z = -21 + 49, 4*a + 8 = -4*z. Calculate q(a).
4
Let c(x) = -2*x**3 - 13*x**2 - 13*x - 15. Let d(u) = 3*u**3 + 25*u**2 + 25*u + 30. Let n(v) = 5*c(v) + 3*d(v). Let k = -3794 + 3805. Give n(k).
4
Suppose -68*f = -53*f - 30. Let d(m) = 20*m - 3 + 0*m + 1. What is d(f)?
38
Let i(f) be the third derivative of f**6/720 - f**5/24 - f**4/6 - 5*f**3/6 - 2*f**2 - 13*f. Let k(y) be the second derivative of i(y). Give k(11).
6
Let f(n) = 82*n + 1. Let x be -11 + (-2 + -16 - -30). Determine f(x).
83
Suppose 59*z - 46*z = -60*z - 730. Let o(m) = 3*m**2 + 28*m - 1. What is o(z)?
19
Let k(u) = -37. Let j(n) = n - 23. Let d(s) = -3*j(s) + 2*k(s). What is d(8)?
-29
Let a = -485 + 488. Let u(h) be the third derivative of 0 + 1/24*h**4 - 1/6*h**a - 7/60*h**5 + 0*h + 3*h**2. Give u(1).
-7
Let k(j) = -j - 4. Let x be 3 + ((-234)/(-104))/(9/(-24)). Calculate k(x).
-1
Let z(d) = -194907*d**2 + 389773*d**2 - 194901*d**2 - 39 - d**3 + 35*d. Give z(-36).
-3
Let y(v) = 18*v - 1. Let a(o) = 85*o - 14. Let b(l) = 2*a(l) - 10*y(l). Give b(-3).
12
Let z(s) = s**3 - 4*s**2 + 3*s. Let h(j) = j**3 - 4*j**2 + 4*j. Suppose 0 = -4*n - 10 + 18. Let v(q) = n*h(q) - 3*z(q). Give v(4).
-4
Let n(r) = -28 + 33 + 2*r + 12 + 15. What is n(-21)?
-10
Let g be (-5)/((-35)/49*14/4). Let v(j) = -10 + j**3 - 25*j - 4*j**2 + 0*j**g + 13 + 19*j. Let a = -4 + 9. Give v(a).
-2
Let x(z) = -3*z - 4*z + 2 - 1 + 0. Let q be (-14)/(-56) - (-2)/(-8). Let c be (q/5 - 2) + 3. Determine x(c).
-6
Suppose -2*m + 10 = -5*y, -982*y = 5*m - 984*y + 59. Let f(l) = -2*l**2 - 15*l + 227. Give f(m).
2
Let y(n) = n**2 - 10*n + 21. Suppose -2*x + 13*x - 220 = 0. Suppose -k + x = 14. What is y(k)?
-3
Let v = 146 + -146. Let a(i) = -i**3 - 13*i**2 - 14*i - 18. Let t be a(-12). Let p(w) = 0*w + 7*w + w**2 + 4 - t*w + w**3. Give p(v).
4
Let n(l) be the first derivative of l**3/3 - l**2 - 50*l + 720. What is n(-6)?
-2
Let i(h) = 30*h - 14. Suppose 22*u + 103 = 5*v, 5*v + 0*u + 5 = -5*u. What is i(v)?
76
Let a be 161 + -152 - (11 - 4). Let i be 26/8 - (-3)/(-12). Let y(x) = 0 + 6*x - i*x + 2*x**2 - x**3 - 2. Calculate y(a).
4
Let o = 4 + 2. Let t(n) = 3*n**2 - 2*n - 15. Let m be t(-2). Let h(y) = y - y - m + o*y. What is h(3)?
17
Suppose -133 - 103 = -4*r. Let d(c) = -1 + 63*c - 121*c + r*c. Suppose b - 2*b = -4*l - 11, 15 = 3*b - 3*l. Determine d(b).
2
Let v(p) = p**2 - 7*p - 9. Suppose -215*l = -207*l. Suppose -j + 87 - 79 = l. Determine v(j).
-1
Let p(b) = 4*b + 5662 - 16997 + 5667 + 5644. What is p(7)?
4
Let k(g) = g + 11. Let x(w) = 3*w**2 + 63*w + 276. Let y be x(-15). Calculate k(y).
17
Let h(s) = 56*s**2 - 113*s**2 + s**3 + 16 + 68*s**2 - 10 + 19*s. Give h(-9).
-3
Suppose -66*g = 60*g - 147 - 105. Let k(j) be the third derivative of -1/30*j**5 - 1/6*j**3 - 1/12*j**4 + 0 + 20*j**g + 0*j - 7/120*j**6. Give k(-1).
6
Let g(v) = -8 + 16*v - 2 - 17*v + 519*v**2 + 7*v - 517*v**2. Give g(-4).
-2
Let k(w) = 10*w**3 - 15*w**2 - 21*w + 2. Let o(j) = -5*j**2 + 3*j**3 + 73*j + 4 - 80*j - 3. Let s(p) = -2*k(p) + 7*o(p). Let t = 11 + -5. Calculate s(t).
-3
Let v(z) = 1 + 0*z - z**2 + 1 + 5*z. Let s be v(5). Let l(p) be the second derivative of p**5/10 - p**4/12 - p**3/6 + 310*p - 3. Determine l(s).
10
Let m = -9 + 4. Let k(x) = 574*x**2 - 7 + x + 573*x**2 + 0 + 559*x**2 + 575*x**2 - 2280*x**2. Determine k(m).
13
Let s(c) be the second derivative of -73*c + 1/12*c**4 - 1/2*c**2 - 1/3*c**3 - 1. Determine s(2).
-1
Suppose o - 4*q = q, 0 = 2*o + q - 33. Suppose -5*d + 65 = 3*h, d + 3*d - 5*h = o. Let m(x) = 3 + 28*x - d*x - 17*x. Give m(4).
7
Let j(r) = r. Let v(h) = -9*h. Let p = 32 + -33. Let q(b) = p